3) to base 5
13
-1010110 (base 2) to base 11
-79
1 (base 4) to base 14
1
-21 (base 8) to base 10
-17
Convert -2 (base 8) to base 9.
-2
-3 (base 14) to base 11
-3
What is -10 (base 2) in base 7?
-2
What is -1 (base 9) in base 16?
-1
Convert -141 (base 5) to base 2.
-101110
-12 (base 13) to base 15
-10
Convert -3 (base 8) to base 4.
-3
Convert 5 (base 7) to base 14.
5
Convert -9 (base 13) to base 15.
-9
What is -50 (base 9) in base 12?
-39
What is -12 (base 7) in base 3?
-100
13 (base 8) to base 7
14
1 (base 4) to base 16
1
What is -5 (base 14) in base 6?
-5
-39 (base 10) to base 15
-29
-305 (base 6) to base 8
-161
Convert 59 (base 12) to base 6.
153
What is 101 (base 3) in base 15?
a
10 (base 9) to base 6
13
Convert 10001000 (base 2) to base 11.
114
What is 0 (base 8) in base 10?
0
1 (base 5) to base 4
1
13 (base 9) to base 14
c
What is -15 (base 10) in base 16?
-f
-5 (base 14) to base 4
-11
Convert -13 (base 14) to base 9.
-18
Convert -134 (base 5) to base 16.
-2c
-16 (base 11) to base 7
-23
Convert -3a (base 12) to base 16.
-2e
What is 2 (base 10) in base 15?
2
Convert -166 (base 15) to base 10.
-321
Convert 10 (base 11) to base 16.
b
-21 (base 3) to base 7
-10
Convert 10 (base 4) to base 10.
4
What is -116 (base 7) in base 14?
-46
-20 (base 3) to base 5
-11
Convert -11 (base 2) to base 11.
-3
Convert 1 (base 10) to base 16.
1
Convert 4 (base 7) to base 14.
4
7 (base 9) to base 10
7
63 (base 12) to base 2
1001011
What is -7 (base 16) in base 4?
-13
106 (base 7) to base 6
131
What is 1 (base 7) in base 8?
1
Convert -20020 (base 3) to base 13.
-cc
Convert -1 (base 7) to base 10.
-1
-8 (base 10) to base 12
-8
Convert -ee (base 16) to base 15.
-10d
What is 4b (base 15) in base 4?
1013
What is -501 (base 9) in base 5?
-3111
-21 (base 9) to base 15
-14
What is -1 (base 14) in base 10?
-1
7 (base 13) to base 7
10
Convert 10021 (base 4) to base 13.
175
What is 53 (base 8) in base 11?
3a
Convert -43 (base 7) to base 15.
-21
Convert b (base 15) to base 10.
11
1c (base 14) to base 16
1a
1000 (base 2) to base 16
8
25 (base 6) to base 16
11
What is -2 (base 11) in base 3?
-2
What is 1 (base 14) in base 4?
1
Convert -7 (base 16) to base 3.
-21
Convert 1 (base 16) to base 7.
1
Convert -13 (base 10) to base 3.
-111
What is -100 (base 4) in base 11?
-15
12 (base 10) to base 7
15
Convert -8 (base 15) to base 5.
-13
What is 4 (base 7) in base 10?
4
5 (base 16) to base 14
5
0 (base 10) to base 16
0
What is 16 (base 15) in base 2?
10101
What is -14 (base 9) in base 13?
-10
Convert 81 (base 12) to base 15.
67
What is -5 (base 9) in base 5?
-10
-2 (base 7) to base 2
-10
19 (base 12) to base 7
30
What is -10 (base 5) in base 8?
-5
What is 4 (base 7) in base 3?
11
Convert -2 (base 9) to base 15.
-2
67 (base 16) to base 13
7c
What is -5 (base 15) in base 8?
-5
-251 (base 9) to base 3
-21201
Convert -22 (base 9) to base 3.
-202
3 (base 9) to base 11
3
Convert -1000 (base 2) to base 5.
-13
What is 130 (base 9) in base 2?
1101100
3 (base 12) to base 3
10
-1101 (base 2) to base 9
-14
Convert -5 (base 15) to base 11.
-5
What is -64 (base 10) in base 7?
-121
Convert -11c (base 13) to base 16.
-c2
What is -6 (base 14) in base 5?
-11
322 (base 6) to base 12
a2
-3 (base 9) to base 4
-3
What is -1 (base 15) in base 4?
-1
What is -57 (base 15) in base 2?
-1010010
-20 (base 10) to base 8
-24
Convert 111 (base 7) to base 15.
3c
110 (base 3) to base 4
30
Convert 1 (base 6) to base 16.
1
Convert 21 (base 11) to base 8.
27
What is 9 (base 11) in base 15?
9
What is -1 (base 14) in base 10?
-1
Convert -6 (base 11) to base 3.
-20
What is 1 (base 6) in base 5?
1
What is 21 (base 8) in base 3?
122
Convert 6 (base 16) to base 11.
6
Convert 6 (base 7) to base 12.
6
What is 11 (base 3) in base 14?
4
Convert 2 (base 10) to base 15.
2
Convert -12 (base 6) to base 4.
-20
Convert -2 (base 15) to base 13.
-2
What is 15 (base 13) in base 14?
14
-14 (base 13) to base 3
-122
Convert 133 (base 4) to base 7.
43
What is 4 (base 11) in base 5?
4
Convert 130 (base 15) to base 13.
17a
Convert -11 (base 16) to base 12.
-15
Convert -23 (base 4) to base 13.
-b
Convert 7 (base 13) to base 15.
7
Convert 1 (base 7) to base 16.
1
a (base 11) to base 12
a
What is -7 (base 10) in base 8?
-7
What is 0 (base 12) in base 4?
0
Convert 10 (base 5) to base 14.
5
3 (base 11) to base 10
3
Convert 10 (base 3) to base 7.
3
Convert 5 (base 10) to base 3.
12
What is 22 (base 11) in base 2?
11000
What is 1310 (base 6) in base 14?
198
What is -10 (base 3) in base 5?
-3
What is -71 (base 14) in base 16?
-63
Convert 5b (base 15) to base 10.
86
-20 (base 3) to base 10
-6
What is -3 (base 15) in base 9?
-3
34 (base 6) to base 16
16
What is -1d0 (base 14) in base 12?
-276
What is 433 (base 6) in base 7?
324
What is 9 (base 16) in base 13?
9
-111 (base 6) to base 7
-61
Convert -1002 (base 3) to base 4.
-131
What is 11 (base 5) in base 16?
6
What is -3 (base 16) in base 12?
-3
Convert 8 (base 12) to base 7.
11
What is -86 (base 15) in base 12?
-a6
-33 (base 4) to base 6
-23
13 (base 9) to base 12
10
Convert 1210 (base 3) to base 10.
48
Convert ad (base 14) to base 5.
1103
23 (base 4) to base 10
11
5 (base 11) to base 4
11
-1 (base 16) to base 5
-1
-29 (base 10) to base 15
-1e
What is -101 (base 2) in base 13?
-5
What is -29 (base 16) in base 13?
-32
Convert 2122 (base 4) to base 6.
414
Convert 2 (base 16) to base 3.
2
0 (base 6) to base 16
0
Convert -11 (base 2) to base 7.
-3
What is -29 (base 13) in base 11?
-32
-3 (base 7) to base 6
-3
What is -1c3 (base 14) in base 4?
-11233
Convert -33 (base 4) to base 8.
-17
Convert 1011 (base 2) to base 3.
102
-11101111 (base 2) to base 9
-285
What is -34 (base 8) in base 14?
-20
Convert 2 (base 7) to base 11.
2
Convert 159 (base 10) to base 6.
423
Convert 1 (base 7) to base 14.
1
Convert 100010100 (base 2) to base 15.
136
-1120 (base 4) to base 8
-130
Convert -f1 (base 16) to base 6.
-1041
-165 (base 7) to base 16
-60
Convert -12 (base 7) to base 12.
-9
What is 16 (base 7) in base 13?
10
21 (base 4) to base 3
100
Convert -11 (base 3) to base 2.
-100
-22 (base 3) to base 4
-20
155 (base 10) to base 2
10011011
What is 34 (base 12) in base 8?
50
Convert -46 (base 9) to base 14.
-30
Convert -10 (base 4) to base 9.
-4
-14 (base 7) to base 10
-11
-201 (base 3) to base 15
-14
Convert -23 (base 9) to base 4.
-111
Convert 0 (base 14) to base 15.
0
3 (base 12) to base 3
10
What is 123 (base 5) in base 14?
2a
0 (base 15) to base 7
0
Convert 305 (base 7) to base 2.
10011000
-1 (base 11) to base 2
-1
Convert -4c (base 15) to base 16.
-48
453 (base 6) to base 5
1202
21 (base 3) to base 16
7
-9 (base 12) to base 13
-9
-12 (base 13) to base 6
-23
Convert 5 (base 15) to base 8.
5
What is -243 (base 5) in base 3?
-2201
Convert 0 (base 7) to base 3.
0
6 (base 12) to base 7
6
Convert 7 (base 14) to base 13.
7
Convert 2 (base 8) to base 14.
2
4 (base 11) to base 14
4
What is 1 (base 8) in base 12?
1
What is 1 (base 9) in base 11?
1
What is -23 (base 6) in base 12?
-13
Convert -2 (base 15) to base 13.
-2
What is -13 (base 13) in base 14?
-12
What is -2 (base 6) in base 7?
-2
Convert 1 (base 8) to base 5.
1
What is -3 (base 10) in base 2?
-11
Convert -1a (base 16) to base 5.
-101
What is -4 (base 9) in base 14?
-4
Convert 2c (base 13) to base 12.
32
-1a (base 13) to base 11
-21
What is -9 (base 12) in base 2?
-1001
What is -20 (base 11) in base 8?
-26
What is -3 (base 9) in base 14?
-3
-3 (base 15) to base 6
-3
What is -61 (base 15) in base 9?
-111
Convert 26 (base 16) to base 6.
102
What is -11 (base 11) in base 4?
-30
Convert 3 (base 11) to base 7.
3
Convert 23 (base 8) to base 6.
31
Convert 3 (base 16) to base 10.
3
12 (base 10) to base 6
20
Convert 3 (base 11) to base 6.
3
What is 195 (base 12) in base 14?
145
-101101 (base 2) to base 16
-2d
2 (base 9) to base 8
2
-101 (base 2) to base 9
-5
What is 0 (base 9) in base 11?
0
Convert -10 (base 12) to base 15.
-c
-3 (base 16) to base 15
-3
What is -124 (base 11) in base 13?
-b4
What is 110010 (base 2) in base 4?
302
Convert 26 (base 12) to base 16.
1e
1001100 (base 2) to base 12
64
Convert 2 (base 7) to base 2.
10
Convert 2 (base 10) to base 13.
2
-30 (base 15) to base 10
-45
What is -10 (base 4) in base 15?
-4
What is 12 (base 8) in base 9?
11
What is -100 (bas